thousands digit of 23704?
2
What is the hundreds digit of 85094?
0
What is the units digit of 15441?
1
What is the hundreds digit of 81342?
3
What is the tens digit of 308?
0
What is the ten thousands digit of 81838?
8
What is the ten thousands digit of 108232?
0
What is the hundreds digit of 4660?
6
What is the hundreds digit of 50124?
1
What is the hundreds digit of 755?
7
What is the units digit of 134?
4
What is the thousands digit of 1241?
1
What is the thousands digit of 2566?
2
What is the thousands digit of 4886?
4
What is the units digit of 1634?
4
What is the tens digit of 727?
2
What is the units digit of 1087?
7
What is the units digit of 2504?
4
What is the ten thousands digit of 28997?
2
What is the tens digit of 156?
5
What is the thousands digit of 114864?
4
What is the thousands digit of 2236?
2
What is the tens digit of 875?
7
What is the tens digit of 560?
6
What is the tens digit of 61?
6
What is the ten thousands digit of 92385?
9
What is the thousands digit of 1015?
1
What is the thousands digit of 40928?
0
What is the tens digit of 17298?
9
What is the tens digit of 19502?
0
What is the hundreds digit of 538?
5
What is the ten thousands digit of 23799?
2
What is the thousands digit of 15993?
5
What is the units digit of 14?
4
What is the ten thousands digit of 38090?
3
What is the tens digit of 805?
0
What is the tens digit of 4303?
0
What is the thousands digit of 25066?
5
What is the tens digit of 7332?
3
What is the thousands digit of 7456?
7
What is the tens digit of 113415?
1
What is the units digit of 7961?
1
What is the thousands digit of 11970?
1
What is the tens digit of 352?
5
What is the units digit of 999?
9
What is the hundreds digit of 168238?
2
What is the units digit of 1078?
8
What is the hundreds digit of 606?
6
What is the tens digit of 8382?
8
What is the hundreds digit of 796?
7
What is the thousands digit of 1808?
1
What is the units digit of 124644?
4
What is the units digit of 6356?
6
What is the hundreds digit of 2205?
2
What is the tens digit of 273?
7
What is the units digit of 35572?
2
What is the tens digit of 82565?
6
What is the units digit of 6401?
1
What is the tens digit of 50798?
9
What is the thousands digit of 2407?
2
What is the units digit of 8103?
3
What is the tens digit of 387?
8
What is the thousands digit of 50704?
0
What is the hundreds digit of 607?
6
What is the thousands digit of 12916?
2
What is the tens digit of 2257?
5
What is the hundreds digit of 3556?
5
What is the units digit of 448?
8
What is the hundreds digit of 2321?
3
What is the hundreds digit of 188192?
1
What is the thousands digit of 12342?
2
What is the tens digit of 4717?
1
What is the thousands digit of 127050?
7
What is the thousands digit of 1305?
1
What is the units digit of 9226?
6
What is the tens digit of 8860?
6
What is the hundreds digit of 3001?
0
What is the tens digit of 994?
9
What is the tens digit of 14475?
7
What is the tens digit of 2662?
6
What is the tens digit of 2619?
1
What is the hundreds digit of 700?
7
What is the tens digit of 8199?
9
What is the hundreds digit of 3060?
0
What is the hundreds digit of 99217?
2
What is the units digit of 51522?
2
What is the thousands digit of 1653?
1
What is the thousands digit of 16820?
6
What is the thousands digit of 6104?
6
What is the hundreds digit of 8377?
3
What is the units digit of 18360?
0
What is the units digit of 3900?
0
What is the tens digit of 25477?
7
What is the thousands digit of 13948?
3
What is the units digit of 9811?
1
What is the units digit of 6413?
3
What is the tens digit of 5096?
9
What is the tens digit of 1613?
1
What is the tens digit of 2563?
6
What is the tens digit of 62890?
9
What is the tens digit of 234?
3
What is the hundreds digit of 32530?
5
What is the hundreds digit of 14822?
8
What is the hundreds digit of 10475?
4
What is the ten thousands digit of 14014?
1
What is the thousands digit of 6828?
6
What is the ten thousands digit of 15210?
1
What is the units digit of 19308?
8
What is the tens digit of 591?
9
What is the ten thousands digit of 17734?
1
What is the units digit of 22190?
0
What is the thousands digit of 1202?
1
What is the hundreds digit of 578?
5
What is the units digit of 3144?
4
What is the units digit of 64?
4
What is the hundreds digit of 2627?
6
What is the units digit of 10261?
1
What is the thousands digit of 15210?
5
What is the units digit of 2768?
8
What is the units digit of 1059?
9
What is the ten thousands digit of 20948?
2
What is the tens digit of 30?
3
What is the units digit of 260?
0
What is the hundreds digit of 1525?
5
What is the tens digit of 1332?
3
What is the hundreds digit of 180?
1
What is the tens digit of 43164?
6
What is the units digit of 91?
1
What is the units digit of 781?
1
What is the units digit of 53797?
7
What is the units digit of 1795?
5
What is the units digit of 57719?
9
What is the units digit of 307?
7
What is the hundreds digit of 1041?
0
What is the units digit of 67822?
2
What is the tens digit of 51?
5
What is the units digit of 1383?
3
What is the units digit of 2047?
7
What is the tens digit of 319?
1
What is the tens digit of 9643?
4
What is the tens digit of 6173?
7
What is the hundreds digit of 39779?
7
What is the ten thousands digit of 177041?
7
What is the units digit of 4502?
2
What is the thousands digit of 17338?
7
What is the hundreds digit of 3908?
9
What is the ten thousands digit of 23918?
2
What is the units digit of 27268?
8
What is the units digit of 2812?
2
What is the hundreds digit of 4653?
6
What is the units digit of 1301?
1
What is the thousands digit of 93654?
3
What is the tens digit of 5058?
5
What is the thousands digit of 2632?
2
What is the thousands digit of 1348?
1
What is the units digit of 15873?
3
What is the units digit of 1626?
6
What is the ten thousands digit of 135367?
3
What is the ten thousands digit of 124157?
2
What is the hundreds digit of 111926?
9
What is the tens digit of 8287?
8
What is the tens digit of 22518?
1
What is the tens digit of 5241?
4
What is the tens digit of 22?
2
What is the units digit of 4532?
2
What is the hundreds digit of 2471?
4
What is the hundreds digit of 49527?
5
What is the tens digit of 65386?
8
What is the thousands digit of 4931?
4
What is the tens digit of 885?
8
What is the units digit of 481?
1
What is the units digit of 1033?
3
What is the hundreds digit of 1679?
6
What is the tens digit of 1962?
6
What is the tens digit of 1337?
3
What is the units digit of 677?
7
What is the hundreds digit of 845?
8
What is the units digit of 14?
4
What is the thousands digit of 7737?
7
What is the units digit of 21665?
5
What is the tens digit of 771?
7
What is the thousands digit of 18433?
8
What is the units digit of 4695?
5
What is the units digit of 8129?
9
What is the hundreds digit of 4926?
9
What is the hundreds digit of 3303?
3
What is the ten thousands digit of 35308?
3
What is the tens digit of 3979?
7
What is the units digit of 2388?
8
What is the units digit of 5987?
7
What is the hundreds digit of 5024?
0
What is the tens digit of 1212?
1
What is the thousands digit of 3754?
3
What is the units digit of 9994?
4
What is the tens digit of 5921?
2
What is the units digit of 4092?
2
What is the tens digit of 2986?
8
What is the units digit of 708?
8
What is the ten thousands digit of 40121?
4
What is the tens digit of 957?
5
What is the hundreds digit of 26878?
8
What is the hundreds digit of 715?
7
What is the thousands digit of 20200?
0
What is the ten thousands digit of 89217?
8
What is the thousands digit of 84060?
4
What is the units digit of 60375?
5
What is the units digit of 25079?
9
What is the units digit of 9092?
2
What is the hundreds digit of 644?
6
What is the hundreds digit of 342?
3
What is the units digit of 24633?
3
What is the thousands digit of 1399?
1
What is the tens digit of 189?
8
What is the thousands digit of 8439?
8
What is the thousands digit of 3287?
3
What is the tens digit of 3668?
6
What is the thousands digit of 2907?
2
What is the hundreds digit of 83907?
9
What is the hundreds digit of 6978?
9
What is the thousands digit of 3215?
3
What is the tens digit of 7833?
3
What is the hundreds digit of 780?
7
What is the ten thousands 